{"id":7,"date":"2020-10-20T12:37:20","date_gmt":"2020-10-20T12:37:20","guid":{"rendered":"http:\/\/bmiiktisadiisletme.com\/?page_id=7"},"modified":"2020-10-20T17:14:42","modified_gmt":"2020-10-20T14:14:42","slug":"hakkimizda","status":"publish","type":"page","link":"http:\/\/bmiiktisadiisletme.com\/?page_id=7","title":{"rendered":"Hakk\u0131m\u0131zda"},"content":{"rendered":"\n<p> <a href=\"http:\/\/bmiiktisadiisletme.com\/\">Birle\u015fik Metal \u0130\u015f\u00e7ileri Sendikas\u0131 \u0130ktisadi \u0130\u015fletmesi<\/a>&#8216;nin resmi web sitesidir..<\/p>\n","protected":false},"excerpt":{"rendered":"<p>Birle\u015fik Metal \u0130\u015f\u00e7ileri Sendikas\u0131 \u0130ktisadi \u0130\u015fletmesi&#8216;nin resmi web sitesidir..<\/p>\n","protected":false},"author":1,"featured_media":0,"parent":0,"menu_order":0,"comment_status":"closed","ping_status":"closed","template":"","meta":[],"_links":{"self":[{"href":"http:\/\/bmiiktisadiisletme.com\/index.php?rest_route=\/wp\/v2\/pages\/7"}],"collection":[{"href":"http:\/\/bmiiktisadiisletme.com\/index.php?rest_route=\/wp\/v2\/pages"}],"about":[{"href":"http:\/\/bmiiktisadiisletme.com\/index.php?rest_route=\/wp\/v2\/types\/page"}],"author":[{"embeddable":true,"href":"http:\/\/bmiiktisadiisletme.com\/index.php?rest_route=\/wp\/v2\/users\/1"}],"replies":[{"embeddable":true,"href":"http:\/\/bmiiktisadiisletme.com\/index.php?rest_route=%2Fwp%2Fv2%2Fcomments&post=7"}],"version-history":[{"count":2,"href":"http:\/\/bmiiktisadiisletme.com\/index.php?rest_route=\/wp\/v2\/pages\/7\/revisions"}],"predecessor-version":[{"id":54,"href":"http:\/\/bmiiktisadiisletme.com\/index.php?rest_route=\/wp\/v2\/pages\/7\/revisions\/54"}],"wp:attachment":[{"href":"http:\/\/bmiiktisadiisletme.com\/index.php?rest_route=%2Fwp%2Fv2%2Fmedia&parent=7"}],"curies":[{"name":"wp","href":"https:\/\/api.w.org\/{rel}","templated":true}]}}